 - 2*t = 186. Let f = 139 + v. What is the highest common divisor of f and 46?
46
Let a be (-2)/1 + 0 - -3. Let v be ((-4)/3)/((-16)/(-120)). Let p be 2/v + (-324)/(-45). Calculate the highest common factor of a and p.
1
Let q = -10 + 60. Suppose -2*p = 2, 108*p = 4*f + 110*p - 78. What is the highest common factor of f and q?
10
Suppose l = p + 280 - 709, -2*l = -3*p + 1290. Calculate the greatest common divisor of p and 54.
54
Suppose 6*m + 4771 - 5275 = 0. Let q(r) = -r**2 + 11*r - 12. Let n be q(8). What is the greatest common divisor of n and m?
12
Suppose -3*j = -5*w - 1534, 27*j - 3*w = 24*j + 1536. What is the highest common divisor of j and 57?
57
Let y(n) = 3*n**2 + 10*n + 5. Suppose 3*l - o - 4 = -3*o, -32 = -5*l + 3*o. Let g be l/6*-3*4. Let t be y(g). Calculate the greatest common divisor of 13 and t.
13
Suppose 0 = -2*v + g - 3*g + 338, 4*g = v - 179. Let h be (-16 - -17)*v/1. Calculate the greatest common factor of 19 and h.
19
Suppose -4*d = -4*w, -5 = 4*d - 6*d + w. Suppose -4*g + l = -20, 2*g - d*l = 11 - 1. Calculate the greatest common divisor of 2 and g.
1
Let z(x) = x**3 + 23*x**2 + 20*x - 31. Let j be z(-22). Let s be (-7)/((-63)/6) + (-772)/(-12). Calculate the greatest common divisor of s and j.
13
Suppose -13*c = -378 - 324. Calculate the highest common divisor of c and 24.
6
Suppose 16 = -86*w + 88*w. What is the highest common factor of w and 72?
8
Let w be 2/5 - (-1368)/(-95). Let n be 14/3*(-42)/w. What is the greatest common divisor of 2 and n?
2
Suppose 0 = u + 4*r - r - 33, -u - 2*r + 36 = 0. Suppose t = 3*k + 3, -5*k = t + 3*t - 29. Calculate the highest common factor of u and t.
6
Suppose 3*a - 176 - 28 = 0. What is the greatest common divisor of a and 306?
34
Let n(i) = -9*i - 6. Let v(u) = -4*u - 3. Let s(h) = -3*n(h) + 7*v(h). Let t be s(-18). Calculate the greatest common factor of 135 and t.
15
Let o(k) = k**3 + 2*k - 5. Let s be o(-5). Let m be ((-6)/(-4))/((-3)/s). Calculate the greatest common factor of m and 175.
35
Let r be (8/((-12)/6))/(-1 - 1). Suppose 7*x + r*x = 72. Calculate the highest common factor of x and 72.
8
Let s = -495 - -545. Calculate the highest common factor of s and 125.
25
Let v = 95 - 98. Let o be 30*(108/8 + v). Calculate the greatest common divisor of o and 45.
45
Suppose 4*x - 2*u - 10 = 0, -4 = -2*x - x - 2*u. Let j be 46 - (-1 - (-2)/(x/3)). Calculate the highest common divisor of 110 and j.
22
Suppose 3*z + 2*b - 2312 = 0, -3084 = z - 5*z - 3*b. Calculate the greatest common factor of 12 and z.
12
Suppose 16*m - 12474 = -17*m. What is the highest common divisor of m and 14?
14
Suppose 0 = 5*f, -5*h + 4*f + 84 + 41 = 0. Suppose 3*u - 3*n = u + 85, -5*u + 275 = 5*n. Calculate the highest common factor of h and u.
25
Suppose 286*l - 216 = 282*l. Calculate the highest common divisor of 198 and l.
18
Suppose -5*o = -5*y + 875, 4*y = -5*o + 243 + 421. What is the greatest common factor of y and 36?
9
Suppose 4*q - 11*d - 104 = -6*d, -q = -d - 25. Calculate the highest common divisor of 35 and q.
7
Let r = 183 + -145. What is the highest common divisor of 2 and r?
2
Suppose 0 = -4*r + 46 + 14. Let j = r + 29. Calculate the highest common divisor of 4 and j.
4
Suppose 190 = -5*z + 24*z. What is the highest common factor of 9 and z?
1
Suppose -59*d + 63*d - 288 = 0. Calculate the greatest common factor of 16 and d.
8
Let u be 7 - (3 - -3 - 260). Calculate the greatest common factor of u and 18.
9
Suppose 0 = 3*u - 12, 0 = 3*x - 3*u - 0*u + 6. Suppose -x*f + 14 = -18. What is the highest common divisor of f and 4?
4
Let b = -1351 + 1374. Calculate the greatest common factor of 253 and b.
23
Let q = 62 + -54. Suppose 0 = 2*t - 5*o - 50, -7*o + q*o = 2. Calculate the highest common factor of 330 and t.
30
Suppose 0 = -5*t + 38 - 3. Let o = t - 11. Let a be ((-5)/(-2))/((-2)/o). What is the greatest common factor of a and 35?
5
Suppose -2*k - 109 = 271. Let i = k + 286. Suppose -3*b = -2*b - i. Calculate the highest common factor of b and 24.
24
Suppose -275 + 95 = -4*o. Let l = 434 + -416. What is the greatest common divisor of l and o?
9
Let k be -4*(1/(-2) - 1). Let f be k/(-9) + 384/9. Calculate the greatest common divisor of f and 28.
14
Let o = 669 - 174. Calculate the highest common factor of 198 and o.
99
Let m = 311 + -61. What is the highest common divisor of 100 and m?
50
Let s be 4/(-6)*(6 + -15). Suppose 57 + 15 = s*w. Calculate the highest common factor of 36 and w.
12
Suppose 20 + 5 = 5*j, -3*b - 2*j = -25. Suppose 11*u = b*u + 54. What is the highest common divisor of u and 99?
9
Let n be (-1972)/(-60) - (-4)/30. Suppose n + 177 = 3*y. What is the greatest common factor of y and 14?
14
Let w be -3 - -1 - 0 - -11. Let f = -5 + 9. Suppose 62 = f*d - 46. What is the greatest common divisor of d and w?
9
Let b(o) = 5*o. Let f be b(1). Let h be (341 - -1) + -1 + 3. Let k be (-4)/(-18) - h/(-72). What is the highest common divisor of f and k?
5
Suppose 6*u = 27 - 3. Suppose u*r + z = -0*z + 13, 4*r - 16 = -4*z. Suppose -r*k + 1 = -44. What is the highest common factor of 165 and k?
15
Let g = 791 - 76. What is the greatest common divisor of g and 13?
13
Suppose 15*f = 19*f + i - 31, 0 = 2*i - 6. Let y = 18 + -11. Calculate the highest common divisor of y and f.
7
Let n(i) = -2*i**3 - 5*i**2 - 3*i + 7. Let x be n(-3). What is the highest common factor of 325 and x?
25
Suppose 8*y = 9*y - 4. Suppose y*j + 156 = 7*j. Let s be 4 + -1 + 5 + j. What is the highest common divisor of s and 6?
6
Suppose -7*k + 12*k + 20 = 0. Let h be (4 - (-10)/k)/((-2)/(-140)). Calculate the greatest common divisor of 21 and h.
21
Let c(k) = 2*k**3 - 16*k**2 - 10*k + 72. Let g be c(12). Calculate the highest common divisor of g and 48.
48
Let q(y) = 9 + 0 + 3*y + 7. Let n be q(-4). Calculate the highest common factor of n and 12.
4
Let b be (-30)/36 + (-694)/(-12). Calculate the highest common divisor of b and 741.
57
Let a = 12 - 9. Suppose 2*q - 5*g = 8, 4*q - 2*g - 16 = a*g. Let v = -15 - -27. What is the highest common divisor of v and q?
4
Let b be 2*(45/2 + -1). Let n(a) = -a**3 + a**2 + 54*a - 58. Let l be n(6). What is the greatest common divisor of b and l?
43
Let w(b) = b - 4*b + 2*b + 0 + 3. Suppose -t - t - 12 = 0. Let j be w(t). Calculate the greatest common factor of j and 27.
9
Suppose t = -0*t. Suppose -2*g = 4*z + 24, -3*g + t*g = -5*z + 58. Let w = -11 - g. What is the highest common factor of 40 and w?
5
Let h = -90 - -93. Suppose -5*n + 156 = -2*m, 0*n - 78 = -h*n - 4*m. Let c = 11 + -1. What is the highest common factor of n and c?
10
Suppose 8*m - m - 2394 = 0. Let z = m - 100. Calculate the highest common divisor of 22 and z.
22
Let h(d) = d**2 - d - 1. Let y be h(-1). Let i be (3 - (0 + y)) + 4. What is the greatest common factor of 30 and i?
6
Let g be (-2)/((-1)/(-68)*-4). Let f(s) = s + 6. Let b be f(-4). Calculate the highest common divisor of g and b.
2
Suppose 6 = 2*a + 8. Let q be (0 - a) + (4 - -3). What is the greatest common factor of 40 and q?
8
Let y be (-4)/(-14) + (-416)/(-14). Suppose 3*s - y = 5*c, s - 2*c = -4*s + 50. What is the highest common divisor of s and 4?
2
Let v(g) = -4*g**3 + 49*g**2 - 14*g + 37. Let y be v(12). Suppose 3*u = 78 + 351. Calculate the highest common factor of y and u.
13
Let f = -153 + 142. Let y = -1 - f. What is the greatest common factor of y and 160?
10
Let b(r) = 9*r + 71. Let v be b(-7). Calculate the greatest common divisor of 16 and v.
8
Let b(g) = 38*g + 26. Let f be b(3). Calculate the greatest common divisor of f and 28.
28
Let q = -222 - -572. Calculate the greatest common factor of q and 20.
10
Suppose -20 = -3*x + 2*x. Let w be ((-22)/5)/(-3 + 56/x). Calculate the highest common factor of w and 2.
2
Let q = -148 - -193. What is the highest common divisor of q and 360?
45
Let c = 78 + -29. Let l = 73 - c. Calculate the greatest common factor of l and 84.
12
Let z(f) = -2*f**2 - 5*f + 20. Let b(w) = -w**2 - 3*w + 10. Let d(k) = 5*b(k) - 3*z(k). Let y be d(5). What is the greatest common divisor of 3 and y?
3
Let f = 1975 - 1965. Calculate the greatest common divisor of f and 245.
5
Let w = -67 - -118. Let t = 43 + -24. Suppose 2*y = -t + 53. Calculate the highest common factor of w and y.
17
Suppose -k = 93 - 149. Le